{"id":738,"date":"2021-02-11T21:02:57","date_gmt":"2021-02-11T19:02:57","guid":{"rendered":"http:\/\/www.andras-de-laszlo.de\/?page_id=738"},"modified":"2021-02-11T21:02:57","modified_gmt":"2021-02-11T19:02:57","slug":"datenschutz-und-impressum","status":"publish","type":"page","link":"https:\/\/andras-de-laszlo.de\/?page_id=738","title":{"rendered":"Datenschutz und Impressum"},"content":{"rendered":"\n<p><strong><em>Impressum und Datenschutzerkl\u00e4rung<\/em><\/strong><\/p>\n\n\n\n<p>Verantwortlich f\u00fcr den Inhalt \/ Angaben gem\u00e4\u00df \u00a7 5 TMG:<\/p>\n\n\n\n<p>Andras De Laszlo | Am Dorfweiher 8 | 15749 Brusendorf | Deutschland<\/p>\n\n\n\n<p>Umsatzsteuer-ID: DE<\/p>\n\n\n\n<p>Telefon: 0 171 \u2013 38 08 58 2<\/p>\n\n\n\n<p>E-Mail: info[at]andrasdelaszlo.de<\/p>\n\n\n\n<p>Webseite: www.andrasdelaszlo.de<\/p>\n\n\n\n<p>Quellenangaben f\u00fcr die verwendeten Bilder:<\/p>\n\n\n\n<p>Ich bedanke mich f\u00fcr die Erlaubnis zur Nutzung der Fotos insbesondere bei folgenden Fotografen:<\/p>\n\n\n\n<p>Mathias Bothor, Dirk Pagels und Jan Noack<\/p>\n\n\n\n<p>Datenschutzerkl\u00e4rung<\/p>\n\n\n\n<p>Die Nutzung unserer Webseite ist in der Regel ohne Angabe personenbezogener Daten m\u00f6glich. Soweit auf unseren Seiten personenbezogene Daten (z.B. Name, Anschrift oder E-Mail-Adressen) erhoben werden, erfolgt dies, soweit m\u00f6glich, stets auf freiwilliger Basis. Diese Daten werden ohne Ihre ausdr\u00fcckliche Zustimmung nicht an Dritte weitergegeben.<\/p>\n\n\n\n<p>Wir weisen darauf hin, dass die Daten\u00fcbertragung im Internet (z.B. bei der Kommunikation per E-Mail) Sicherheitsl\u00fccken aufweisen kann. Ein l\u00fcckenloser Schutz der Daten vor dem Zugriff durch Dritte ist nicht m\u00f6glich.<\/p>\n\n\n\n<p>Wenn Sie uns per Kontaktformular Anfragen zukommen lassen, werden Ihre Angaben aus dem Anfrageformular inklusive der von Ihnen dort angegebenen Kontaktdaten zwecks Bearbeitung der Anfrage und f\u00fcr den Fall von Anschlussfragen bei uns gespeichert. Diese Daten geben wir nicht ohne Ihre Einwilligung weiter.<\/p>\n\n\n\n<p>Der Nutzung von im Rahmen der Impressumspflicht und allen anderen auf unseren Seiten ver\u00f6ffentlichten Kontaktdaten wie Postanschriften, Telefonnummern und Emailadressen durch Dritte zur \u00dcbersendung von nicht ausdr\u00fccklich angeforderter Werbung und Informationsmaterialien, sowie jeder anderen kommerziellen Verwendung und Weitergabe der Daten, wird hiermit ausdr\u00fccklich widersprochen. Die Betreiber der Seiten behalten sich ausdr\u00fccklich rechtliche Schritte im Falle der unverlangten Zusendung von Werbeinformationen, etwa durch Spam-Mails, vor.<\/p>\n","protected":false},"excerpt":{"rendered":"<p>Impressum und Datenschutzerkl\u00e4rung Verantwortlich f\u00fcr den Inhalt \/ Angaben gem\u00e4\u00df \u00a7 5 TMG: Andras De Laszlo | Am Dorfweiher 8 | 15749 Brusendorf | Deutschland Umsatzsteuer-ID: DE Telefon: 0 171 \u2013 38 08 58 2 E-Mail: info[at]andrasdelaszlo.de Webseite: www.andrasdelaszlo.de Quellenangaben f\u00fcr die verwendeten Bilder: Ich bedanke mich f\u00fcr die Erlaubnis zur Nutzung der Fotos insbesondere &hellip; <\/p>\n<p class=\"link-more\"><a href=\"https:\/\/andras-de-laszlo.de\/?page_id=738\" class=\"more-link\"><span class=\"screen-reader-text\">\u201eDatenschutz und Impressum\u201c<\/span> weiterlesen<\/a><\/p>\n","protected":false},"author":4,"featured_media":0,"parent":0,"menu_order":0,"comment_status":"closed","ping_status":"closed","template":"","meta":[],"_links":{"self":[{"href":"https:\/\/andras-de-laszlo.de\/index.php?rest_route=\/wp\/v2\/pages\/738"}],"collection":[{"href":"https:\/\/andras-de-laszlo.de\/index.php?rest_route=\/wp\/v2\/pages"}],"about":[{"href":"https:\/\/andras-de-laszlo.de\/index.php?rest_route=\/wp\/v2\/types\/page"}],"author":[{"embeddable":true,"href":"https:\/\/andras-de-laszlo.de\/index.php?rest_route=\/wp\/v2\/users\/4"}],"replies":[{"embeddable":true,"href":"https:\/\/andras-de-laszlo.de\/index.php?rest_route=%2Fwp%2Fv2%2Fcomments&post=738"}],"version-history":[{"count":0,"href":"https:\/\/andras-de-laszlo.de\/index.php?rest_route=\/wp\/v2\/pages\/738\/revisions"}],"wp:attachment":[{"href":"https:\/\/andras-de-laszlo.de\/index.php?rest_route=%2Fwp%2Fv2%2Fmedia&parent=738"}],"curies":[{"name":"wp","href":"https:\/\/api.w.org\/{rel}","templated":true}]}}

<p><strong><em>Impressum und Datenschutzerklärung</em></strong></p>



<p>Verantwortlich für den Inhalt / Angaben gemäß § 5 TMG:</p>



<p>Andras De Laszlo | Am Dorfweiher 8 | 15749 Brusendorf | Deutschland</p>



<p>Umsatzsteuer-ID: DE</p>



<p>Telefon: 0 171 – 38 08 58 2</p>



<p>E-Mail: info[at]andrasdelaszlo.de</p>



<p>Webseite: www.andrasdelaszlo.de</p>



<p>Quellenangaben für die verwendeten Bilder:</p>



<p>Ich bedanke mich für die Erlaubnis zur Nutzung der Fotos insbesondere bei folgenden Fotografen:</p>



<p>Mathias Bothor, Dirk Pagels und Jan Noack</p>



<p>Datenschutzerklärung</p>



<p>Die Nutzung unserer Webseite ist in der Regel ohne Angabe personenbezogener Daten möglich. Soweit auf unseren Seiten personenbezogene Daten (z.B. Name, Anschrift oder E-Mail-Adressen) erhoben werden, erfolgt dies, soweit möglich, stets auf freiwilliger Basis. Diese Daten werden ohne Ihre ausdrückliche Zustimmung nicht an Dritte weitergegeben.</p>



<p>Wir weisen darauf hin, dass die Datenübertragung im Internet (z.B. bei der Kommunikation per E-Mail) Sicherheitslücken aufweisen kann. Ein lückenloser Schutz der Daten vor dem Zugriff durch Dritte ist nicht möglich.</p>



<p>Wenn Sie uns per Kontaktformular Anfragen zukommen lassen, werden Ihre Angaben aus dem Anfrageformular inklusive der von Ihnen dort angegebenen Kontaktdaten zwecks Bearbeitung der Anfrage und für den Fall von Anschlussfragen bei uns gespeichert. Diese Daten geben wir nicht ohne Ihre Einwilligung weiter.</p>



<p>Der Nutzung von im Rahmen der Impressumspflicht und allen anderen auf unseren Seiten veröffentlichten Kontaktdaten wie Postanschriften, Telefonnummern und Emailadressen durch Dritte zur Übersendung von nicht ausdrücklich angeforderter Werbung und Informationsmaterialien, sowie jeder anderen kommerziellen Verwendung und Weitergabe der Daten, wird hiermit ausdrücklich widersprochen. Die Betreiber der Seiten behalten sich ausdrücklich rechtliche Schritte im Falle der unverlangten Zusendung von Werbeinformationen, etwa durch Spam-Mails, vor.</p>

<p>Impressum und Datenschutzerklärung Verantwortlich für den Inhalt / Angaben gemäß § 5 TMG: Andras De Laszlo | Am Dorfweiher 8 | 15749 Brusendorf | Deutschland Umsatzsteuer-ID: DE Telefon: 0 171 – 38 08 58 2 E-Mail: info[at]andrasdelaszlo.de Webseite: www.andrasdelaszlo.de Quellenangaben für die verwendeten Bilder: Ich bedanke mich für die Erlaubnis zur Nutzung der Fotos insbesondere &hellip; </p>
<p class="link-more"><a href="https://andras-de-laszlo.de/?page_id=738" class="more-link"><span class="screen-reader-text">„Datenschutz und Impressum“</span> weiterlesen</a></p>
